{"id":15349,"date":"2026-09-04T12:32:15","date_gmt":"2026-09-04T12:32:15","guid":{"rendered":"https:\/\/humanitairehub.com\/?post_type=hh_job&#038;p=15349"},"modified":"2026-09-04T12:32:15","modified_gmt":"2026-09-04T12:32:15","slug":"responsable-de-projet-climat-environnement-adre","status":"publish","type":"hh_job","link":"https:\/\/humanitairehub.com\/en\/emploi\/responsable-de-projet-climat-environnement-adre\/","title":{"rendered":"Responsable de Projet Climat &#038; Environnement \u2013 Adr\u00e9"},"content":{"rendered":"<header class=\"rw-article__header rw-article__header--with-meta\">\n<h1 class=\"rw-article__title rw-page-title\">Tchad : Responsable de Projet Climat &amp; Environnement \u2013 Adr\u00e9<\/h1>\n<dl class=\"rw-meta rw-article-meta rw-entity-meta rw-entity-meta--core\">\n<dt class=\"rw-entity-meta__tag-label rw-entity-meta__tag-label--source\">Organization : <span style=\"font-weight: 400;\">Agency for Technical Cooperation and Development<\/span><\/dt>\n<dt class=\"rw-entity-meta__tag-label rw-entity-meta__tag-label--posted\">Posted : <time datetime=\"2026-09-04T09:53:06+00:00\">4 Sep 2026<\/time><\/dt>\n<\/dl>\n<\/header>\n<div class=\"rw-article__content\">\n<p><strong>CDD | 12 mois | ASAP<\/strong><\/p>\n<h2>Acted<\/h2>\n<p><em><strong>Qui sommes-nous<\/strong><\/em><\/p>\n<p>Acted travaille avec 19 millions de personnes dans 43 pays au carrefour de l\u2019humanitaire, du d\u00e9veloppement, et des programmes climatiques et environnementaux. Gr\u00e2ce \u00e0 une connaissance pouss\u00e9e des contextes et l\u2019adoption de technologies \u00e9mergentes, nous sauvons des vies, all\u00e9geons les souffrances, et prot\u00e9geons et restaurons notre plan\u00e8te. Travaillant avec un \u00e9cosyst\u00e8me croissant de partenaires locaux, nationaux et internationaux, nous poursuivons un objectif commun : un monde 3Z\u00e9ro : Z\u00e9ro Exclusion, Z\u00e9ro Carbone, Z\u00e9ro Pauvret\u00e9.<\/p>\n<p><em><strong>Qui cherchons-nous<\/strong><\/em><\/p>\n<p>Vous apportez les comp\u00e9tences clefs attendues d\u2019un travailleur humanitaire et de d\u00e9veloppement, mais \u00e9galement une conscience climatique et environnementale active, et vous pouvez naviguez les d\u00e9fis qui \u00e9mergent lorsque les souffrances environnementale et humaine se rencontrent. Vous avez l\u2019esprit entrepreneurial : vous d\u00e9celez les opportunit\u00e9s, connectez les points, adaptez votre approche aux diff\u00e9rents environnements, et vous prenez des risques mesur\u00e9s dans la poursuite de r\u00e9sultats. Vous alliez les principes au pragmatisme, et l\u2019ambition \u00e0 l\u2019humilit\u00e9.<\/p>\n<h2>Acted Tchad<\/h2>\n<p>Pr\u00e9sente au Tchad, Acted intervient en faveur des populations vuln\u00e9rables des Provinces du Lac et du Ouaddai, et \u00e0 Ndjamena. En 2025, l\u2019organisation a mis en oeuvre 11 projets pour un budget de 10.5 millions d\u2019euros. Ses op\u00e9rations sont coordonn\u00e9es depuis NDjamena et impl\u00e9ment\u00e9es \u00e0 travers 4 bases terrain \u00e0 Bol et Daboua au Lac, Adr\u00e9 et Chokoyan au Ouaddai.<\/p>\n<p>Au Lac, Acted soutient les personnes d\u00e9plac\u00e9es internes suite aux attaques des groupes arm\u00e9s \u00e0 travers le m\u00e9canisme RRM, dont elle est co-lead, et assure l\u2019assistance en s\u00e9curit\u00e9 alimentaire. Elle participe aussi \u00e0 renforcer la r\u00e9silience des populations dans le cadre de projets d\u2019\u00e9ducation, d\u2019eau hygi\u00e8ne assainissement ou de moyens d\u2019existence.<\/p>\n<p>Au Ouaddai, Acted s\u2019est red\u00e9ploy\u00e9e d\u00e8s avril 2023 pour r\u00e9pondre \u00e0 l\u2019afflux sans pr\u00e9c\u00e9dent de r\u00e9fugi\u00e9s soudanais et retourn\u00e9s tchadiens fuyant les combats au Soudan. A travers une approche multisectorielle d\u2019urgence en abris\/AME, CCCM et Protection, Acted r\u00e9pond aux besoins vitaux des d\u00e9plac\u00e9s sur les sites informels et les camps d\u2019accueil. Depuis 2025, Acted participe \u00e0 renforcer la r\u00e9silience \u00e9conomique des r\u00e9fugi\u00e9s Soudanais avec l\u2019aide des communaut\u00e9s h\u00f4tes dans la pr\u00e9fecture de Chokoyan.<\/p>\n<p>Les actions d\u2019Acted au Tchad reposent sur une expertise technique multisectorielle reconnue, une capacit\u00e9 de d\u00e9ploiement rapide, une approche bas\u00e9e sur les donn\u00e9es, une forte acceptance locale, et la participation accrue des communaut\u00e9s.<\/p>\n<p>Au Ouaddai, Acted s\u2019est red\u00e9ploy\u00e9e d\u00e8s avril 2023 pour r\u00e9pondre \u00e0 l\u2019afflux sans pr\u00e9c\u00e9dent de r\u00e9fugi\u00e9s soudanais et retourn\u00e9s tchadiens fuyant les combats au Soudan. A travers une approche multisectorielle d\u2019urgence en abris\/AME, CCCM et Protection, Acted r\u00e9pond aux besoins vitaux des d\u00e9plac\u00e9s sur les sites informels et les camps d\u2019accueil.<\/p>\n<p>Enfin, Acted intervient r\u00e9guli\u00e8rement en r\u00e9ponse aux chocs cycliques, tels que la soudure et les inondations, particuli\u00e8rement d\u00e9vastatrices.<\/p>\n<p>Les actions d\u2019Acted au Tchad reposent sur une expertise technique multisectorielle reconnue, une capacit\u00e9 de d\u00e9ploiement rapide, une approche bas\u00e9e sur les donn\u00e9es, une forte acceptance locale, et la participation accrue des communaut\u00e9s.<\/p>\n<h2>R\u00f4le et responsabilit\u00e9s principales<\/h2>\n<p>Le\/la Responsable projet, sous la conduite op\u00e9rationnelle du Coordinateur de zone et la conduite technique du Coordinateur technique des programmes est responsable d\u2019assurer la mise en \u0153uvre du projet d\u2019Acted. Le\/la Responsable projet supervise les op\u00e9rations de terrain et assure l\u2019ach\u00e8vement effectif et dans les d\u00e9lais des activit\u00e9s ; il\/elle assure \u00e9galement des restitutions de qualit\u00e9 et la r\u00e9alisation des r\u00e9sultats avec un maximum d\u2019impact pour les b\u00e9n\u00e9ficiaires. Le\/la Responsable projet supervise le staff projet, dans la gestion au jour le jour de tous les aspects du projet et fait le lien avec les d\u00e9partements internes pertinents, les partenaires externes et les parties prenantes du projet.<\/p>\n<p><em><strong>Principales Responsabilit\u00e9s<\/strong><\/em><\/p>\n<p>1. Planification des projets<\/p>\n<p>2. Suivi de mise en \u0153uvre des projets<\/p>\n<p>3. Administration et gestion op\u00e9rationnelle de mise en \u0153uvre du projet<\/p>\n<ul>\n<li><em>Finances<\/em><\/li>\n<li><em>Logistique<\/em><\/li>\n<li><em>Administration\/RH<\/em><\/li>\n<li><em>Transparence<\/em><\/li>\n<li><em>S\u00e9curit\u00e9<\/em><\/li>\n<\/ul>\n<p>4. Relations externes<\/p>\n<p>5. Contr\u00f4le qualit\u00e9<\/p>\n<p>6. Rapports<\/p>\n<h2>Qualifications et comp\u00e9tences requises<\/h2>\n<ul>\n<li>Exp\u00e9rience en lien avec le type de projet requise, dans un contexte d\u2019urgence et\/ou de d\u00e9veloppement<\/li>\n<li>Une exp\u00e9rience de travail avec des bailleurs de fond institutionnels est un plus<\/li>\n<li>Exp\u00e9rience en gestion de budget<\/li>\n<li>Capacit\u00e9 \u00e0 coordonner et g\u00e9rer une \u00e9quipe<\/li>\n<li>Capacit\u00e9 \u00e0 travailler de mani\u00e8re ind\u00e9pendante et cr\u00e9ative sur le terrain et en capitale<\/li>\n<li>Excellente expression orale et \u00e9crite<\/li>\n<li>Forte habilit\u00e9 \u00e0 travailler dans un contexte interculturel<\/li>\n<\/ul>\n<h2>Termes de r\u00e9f\u00e9rence<\/h2>\n<p>Pour plus d&rsquo;informations sur le poste,\u00a0<a href=\"https:\/\/www.acted.org\/wp-content\/uploads\/2026\/03\/candidate-pack-pm-tcd.pdf\" target=\"_blank\" rel=\"noreferrer noopener nofollow\">cliquez ici\u00a0<\/a>.<\/p>\n<h2>Conditions<\/h2>\n<ul>\n<li>Salaire d\u00e9fini par la grille des salaires Acted en fonction du niveau d\u2019\u00e9tudes, de l\u2019expertise, du niveau de s\u00e9curit\u00e9 et du niveau d\u2019exp\u00e9rience<\/li>\n<li>Indemnit\u00e9 mensuelle de frais de vie 300$<\/li>\n<li>Logement en guesthouse et nourriture pris en charge par Acted<\/li>\n<li>S\u00e9curit\u00e9 sociale, mutuelle (MSH) et assistance rapatriement (SOS International) pris en charge par Acted<\/li>\n<li>Transport vers la mission et billet retour totalement pris en charge tous les 6 mois (vers l\u2019adresse sp\u00e9cifi\u00e9e sur le contrat de travail)<\/li>\n<li>Frais de visa pris en charge par Acted<\/li>\n<li>R&amp;R tous les 3 mois (billet d\u2019avion pris en charge jusqu\u2019\u00e0 500$ + indemnit\u00e9 suppl\u00e9mentaire de 200$)<\/li>\n<li>Une semaine de pr\u00e9paration au d\u00e9part comprenant 4 jours de formation s\u00e9curit\u00e9 en immersion<\/li>\n<li>Possibilit\u00e9 d\u2019avoir un appel de 30minutes avec un.e consultant.e en fiscalit\u00e9<\/li>\n<li>Soutien psychologique (rendez-vous avec un.e professionnel.le)<\/li>\n<li>Ce poste est class\u00e9 comme un poste international dans la grille de recrutement d\u2019Acted. L\u2019\u00e9ligibilit\u00e9 \u00e0 un contrat international est donc requise.<\/li>\n<\/ul>\n<section class=\"rw-how-to-apply\">\n<h2 class=\"rw-how-to-apply__title\">Comment postuler<\/h2>\n<p>Envoyez votre candidature (CV et lettre de motivation) par mail (jobs@acted.org), sous r\u00e9f\u00e9rence :\u00a0<strong>PM\/TCD<\/strong><\/p>\n<p>Veuillez noter qu&rsquo;Acted ne demande des frais \u00e0 aucun stade du processus de recrutement.<\/p>\n<\/section>\n<\/div>","protected":false},"excerpt":{"rendered":"<p>Tchad : Responsable de Projet Climat &amp; Environnement \u2013 Adr\u00e9 Organization : Agency for Technical Cooperation and Development Posted : 4 Sep 2026 CDD | 12 mois | ASAP Acted Qui sommes-nous Acted travaille avec 19 millions de personnes dans 43 pays au carrefour de l\u2019humanitaire, du d\u00e9veloppement, et des programmes climatiques et environnementaux. Gr\u00e2ce&#8230;<\/p>","protected":false},"author":1,"featured_media":0,"template":"","meta":{"_kad_post_transparent":"default","_kad_post_title":"default","_kad_post_layout":"default","_kad_post_sidebar_id":"","_kad_post_content_style":"default","_kad_post_vertical_padding":"default","_kad_post_feature":"","_kad_post_feature_position":"","_kad_post_header":false,"_kad_post_footer":false,"_kad_post_classname":"","_hh_deadline":"","_hh_apply_url":"https:\/\/www.acted.org\/wp-content\/uploads\/2026\/03\/candidate-pack-pm-tcd.pdf","_hh_apply_email":"jobs@acted.org","_hh_salary_min":0,"_hh_salary_max":0,"_hh_salary_currency":"EUR","_hh_salary_period":"month","_hh_remote":"no","_hh_start_date":"","_hh_views":120,"_hh_reliefweb_id":"","_hh_source":"","_hh_source_url":"","_hh_organisation":"","_hh_city":"","_hh_country_raw":""},"secteur":[],"pays_mission":[35],"ville_mission":[],"type_contrat":[],"niveau_experience":[],"type_organisation":[],"organisation":[115],"class_list":["post-15349","hh_job","type-hh_job","status-publish","hentry","pays_mission-tchad","organisation-acted"],"jetpack_sharing_enabled":true,"_links":{"self":[{"href":"https:\/\/humanitairehub.com\/en\/wp-json\/wp\/v2\/hh_job\/15349","targetHints":{"allow":["GET"]}}],"collection":[{"href":"https:\/\/humanitairehub.com\/en\/wp-json\/wp\/v2\/hh_job"}],"about":[{"href":"https:\/\/humanitairehub.com\/en\/wp-json\/wp\/v2\/types\/hh_job"}],"author":[{"embeddable":true,"href":"https:\/\/humanitairehub.com\/en\/wp-json\/wp\/v2\/users\/1"}],"wp:attachment":[{"href":"https:\/\/humanitairehub.com\/en\/wp-json\/wp\/v2\/media?parent=15349"}],"wp:term":[{"taxonomy":"secteur","embeddable":true,"href":"https:\/\/humanitairehub.com\/en\/wp-json\/wp\/v2\/secteur?post=15349"},{"taxonomy":"pays_mission","embeddable":true,"href":"https:\/\/humanitairehub.com\/en\/wp-json\/wp\/v2\/pays_mission?post=15349"},{"taxonomy":"ville_mission","embeddable":true,"href":"https:\/\/humanitairehub.com\/en\/wp-json\/wp\/v2\/ville_mission?post=15349"},{"taxonomy":"type_contrat","embeddable":true,"href":"https:\/\/humanitairehub.com\/en\/wp-json\/wp\/v2\/type_contrat?post=15349"},{"taxonomy":"niveau_experience","embeddable":true,"href":"https:\/\/humanitairehub.com\/en\/wp-json\/wp\/v2\/niveau_experience?post=15349"},{"taxonomy":"type_organisation","embeddable":true,"href":"https:\/\/humanitairehub.com\/en\/wp-json\/wp\/v2\/type_organisation?post=15349"},{"taxonomy":"organisation","embeddable":true,"href":"https:\/\/humanitairehub.com\/en\/wp-json\/wp\/v2\/organisation?post=15349"}],"curies":[{"name":"wp","href":"https:\/\/api.w.org\/{rel}","templated":true}]}}

Responsable de Projet Climat &#038; Environnement – Adré

<header class="rw-article__header rw-article__header--with-meta">
<h1 class="rw-article__title rw-page-title">Tchad : Responsable de Projet Climat &amp; Environnement – Adré</h1>
<dl class="rw-meta rw-article-meta rw-entity-meta rw-entity-meta--core">
<dt class="rw-entity-meta__tag-label rw-entity-meta__tag-label--source">Organization : <span style="font-weight: 400;">Agency for Technical Cooperation and Development</span></dt>
<dt class="rw-entity-meta__tag-label rw-entity-meta__tag-label--posted">Posted : <time datetime="2026-09-04T09:53:06+00:00">4 Sep 2026</time></dt>
</dl>
</header>
<div class="rw-article__content">
<p><strong>CDD | 12 mois | ASAP</strong></p>
<h2>Acted</h2>
<p><em><strong>Qui sommes-nous</strong></em></p>
<p>Acted travaille avec 19 millions de personnes dans 43 pays au carrefour de l’humanitaire, du développement, et des programmes climatiques et environnementaux. Grâce à une connaissance poussée des contextes et l’adoption de technologies émergentes, nous sauvons des vies, allégeons les souffrances, et protégeons et restaurons notre planète. Travaillant avec un écosystème croissant de partenaires locaux, nationaux et internationaux, nous poursuivons un objectif commun : un monde 3Zéro : Zéro Exclusion, Zéro Carbone, Zéro Pauvreté.</p>
<p><em><strong>Qui cherchons-nous</strong></em></p>
<p>Vous apportez les compétences clefs attendues d’un travailleur humanitaire et de développement, mais également une conscience climatique et environnementale active, et vous pouvez naviguez les défis qui émergent lorsque les souffrances environnementale et humaine se rencontrent. Vous avez l’esprit entrepreneurial : vous décelez les opportunités, connectez les points, adaptez votre approche aux différents environnements, et vous prenez des risques mesurés dans la poursuite de résultats. Vous alliez les principes au pragmatisme, et l’ambition à l’humilité.</p>
<h2>Acted Tchad</h2>
<p>Présente au Tchad, Acted intervient en faveur des populations vulnérables des Provinces du Lac et du Ouaddai, et à Ndjamena. En 2025, l’organisation a mis en oeuvre 11 projets pour un budget de 10.5 millions d’euros. Ses opérations sont coordonnées depuis NDjamena et implémentées à travers 4 bases terrain à Bol et Daboua au Lac, Adré et Chokoyan au Ouaddai.</p>
<p>Au Lac, Acted soutient les personnes déplacées internes suite aux attaques des groupes armés à travers le mécanisme RRM, dont elle est co-lead, et assure l’assistance en sécurité alimentaire. Elle participe aussi à renforcer la résilience des populations dans le cadre de projets d’éducation, d’eau hygiène assainissement ou de moyens d’existence.</p>
<p>Au Ouaddai, Acted s’est redéployée dès avril 2023 pour répondre à l’afflux sans précédent de réfugiés soudanais et retournés tchadiens fuyant les combats au Soudan. A travers une approche multisectorielle d’urgence en abris/AME, CCCM et Protection, Acted répond aux besoins vitaux des déplacés sur les sites informels et les camps d’accueil. Depuis 2025, Acted participe à renforcer la résilience économique des réfugiés Soudanais avec l’aide des communautés hôtes dans la préfecture de Chokoyan.</p>
<p>Les actions d’Acted au Tchad reposent sur une expertise technique multisectorielle reconnue, une capacité de déploiement rapide, une approche basée sur les données, une forte acceptance locale, et la participation accrue des communautés.</p>
<p>Au Ouaddai, Acted s’est redéployée dès avril 2023 pour répondre à l’afflux sans précédent de réfugiés soudanais et retournés tchadiens fuyant les combats au Soudan. A travers une approche multisectorielle d’urgence en abris/AME, CCCM et Protection, Acted répond aux besoins vitaux des déplacés sur les sites informels et les camps d’accueil.</p>
<p>Enfin, Acted intervient régulièrement en réponse aux chocs cycliques, tels que la soudure et les inondations, particulièrement dévastatrices.</p>
<p>Les actions d’Acted au Tchad reposent sur une expertise technique multisectorielle reconnue, une capacité de déploiement rapide, une approche basée sur les données, une forte acceptance locale, et la participation accrue des communautés.</p>
<h2>Rôle et responsabilités principales</h2>
<p>Le/la Responsable projet, sous la conduite opérationnelle du Coordinateur de zone et la conduite technique du Coordinateur technique des programmes est responsable d’assurer la mise en œuvre du projet d’Acted. Le/la Responsable projet supervise les opérations de terrain et assure l’achèvement effectif et dans les délais des activités ; il/elle assure également des restitutions de qualité et la réalisation des résultats avec un maximum d’impact pour les bénéficiaires. Le/la Responsable projet supervise le staff projet, dans la gestion au jour le jour de tous les aspects du projet et fait le lien avec les départements internes pertinents, les partenaires externes et les parties prenantes du projet.</p>
<p><em><strong>Principales Responsabilités</strong></em></p>
<p>1. Planification des projets</p>
<p>2. Suivi de mise en œuvre des projets</p>
<p>3. Administration et gestion opérationnelle de mise en œuvre du projet</p>
<ul>
<li><em>Finances</em></li>
<li><em>Logistique</em></li>
<li><em>Administration/RH</em></li>
<li><em>Transparence</em></li>
<li><em>Sécurité</em></li>
</ul>
<p>4. Relations externes</p>
<p>5. Contrôle qualité</p>
<p>6. Rapports</p>
<h2>Qualifications et compétences requises</h2>
<ul>
<li>Expérience en lien avec le type de projet requise, dans un contexte d’urgence et/ou de développement</li>
<li>Une expérience de travail avec des bailleurs de fond institutionnels est un plus</li>
<li>Expérience en gestion de budget</li>
<li>Capacité à coordonner et gérer une équipe</li>
<li>Capacité à travailler de manière indépendante et créative sur le terrain et en capitale</li>
<li>Excellente expression orale et écrite</li>
<li>Forte habilité à travailler dans un contexte interculturel</li>
</ul>
<h2>Termes de référence</h2>
<p>Pour plus d&rsquo;informations sur le poste, <a href="https://www.acted.org/wp-content/uploads/2026/03/candidate-pack-pm-tcd.pdf" target="_blank" rel="noreferrer noopener nofollow">cliquez ici </a>.</p>
<h2>Conditions</h2>
<ul>
<li>Salaire défini par la grille des salaires Acted en fonction du niveau d’études, de l’expertise, du niveau de sécurité et du niveau d’expérience</li>
<li>Indemnité mensuelle de frais de vie 300$</li>
<li>Logement en guesthouse et nourriture pris en charge par Acted</li>
<li>Sécurité sociale, mutuelle (MSH) et assistance rapatriement (SOS International) pris en charge par Acted</li>
<li>Transport vers la mission et billet retour totalement pris en charge tous les 6 mois (vers l’adresse spécifiée sur le contrat de travail)</li>
<li>Frais de visa pris en charge par Acted</li>
<li>R&amp;R tous les 3 mois (billet d’avion pris en charge jusqu’à 500$ + indemnité supplémentaire de 200$)</li>
<li>Une semaine de préparation au départ comprenant 4 jours de formation sécurité en immersion</li>
<li>Possibilité d’avoir un appel de 30minutes avec un.e consultant.e en fiscalité</li>
<li>Soutien psychologique (rendez-vous avec un.e professionnel.le)</li>
<li>Ce poste est classé comme un poste international dans la grille de recrutement d’Acted. L’éligibilité à un contrat international est donc requise.</li>
</ul>
<section class="rw-how-to-apply">
<h2 class="rw-how-to-apply__title">Comment postuler</h2>
<p>Envoyez votre candidature (CV et lettre de motivation) par mail (jobs@acted.org), sous référence : <strong>PM/TCD</strong></p>
<p>Veuillez noter qu&rsquo;Acted ne demande des frais à aucun stade du processus de recrutement.</p>
</section>
</div>

<p>Tchad : Responsable de Projet Climat &amp; Environnement – Adré Organization : Agency for Technical Cooperation and Development Posted : 4 Sep 2026 CDD | 12 mois | ASAP Acted Qui sommes-nous Acted travaille avec 19 millions de personnes dans 43 pays au carrefour de l’humanitaire, du développement, et des programmes climatiques et environnementaux. Grâce&#8230;</p>
